t o = -10 + 14. Suppose o*m = -m + 440. Calculate the highest common factor of m and 8.
8
Let h = -11 - -11. Let x(n) = n**3 + 21. Let d be x(h). What is the greatest common divisor of 21 and d?
21
Let q = -116 - -130. Suppose 3*v = 4*c - v - 388, 488 = 5*c - 2*v. What is the highest common factor of q and c?
14
Suppose 150 = b - 5*p, -3*b + 5*p = -5*b + 360. What is the highest common factor of b and 17?
17
Let l be 8 - -2*(3 - 2). Let t be (-24)/(-18)*(-60)/(-8). What is the greatest common factor of t and l?
10
Suppose b = -2*s + 88, -s + 239 = 4*b - b. Calculate the highest common divisor of 52 and b.
26
Suppose -4*a + 288 + 52 = 0. Suppose 4*u - 34 = 2*u. What is the greatest common divisor of u and a?
17
Suppose 0*z = 2*z - 84. What is the greatest common factor of z and 14?
14
Let b(a) = -a + 3. Let z be b(0). Suppose 22 + z = f + 2*y, -4*f - 2*y + 112 = 0. Let v = f - -125. What is the greatest common divisor of 14 and v?
14
Let o(l) = -l**3 - 6*l**2 - 5*l - 4. Let t be o(-5). Let g be (-48)/t + 0 + -1. What is the greatest common factor of 11 and g?
11
Suppose -4*z + 1384 = -4*a + 8*a, 1680 = 5*z - 5*a. Calculate the highest common divisor of z and 31.
31
Suppose b - 100 = -5*u, 2*u + b - 12 - 31 = 0. Calculate the highest common divisor of 171 and u.
19
Let h be (-8)/3*(-2 - 1). Let r be (-12)/h*16/(-3). Calculate the greatest common factor of r and 20.
4
Let p be (-2614)/(-14) - ((-30)/21)/5. Calculate the greatest common factor of 17 and p.
17
Suppose 75 = 3*u + 2*u. Let r(m) = 3*m**2 - 5*m - 1 + 0 + 3*m. Let v be r(-2). Calculate the greatest common factor of u and v.
15
Let n be (-6)/(-2)*300/(-9). Let j be (-6)/21 + n/(-7). Suppose j = -y + 3*y. What is the highest common factor of 7 and y?
7
Let t = -84 - -126. What is the highest common divisor of t and 336?
42
Let a be 1 + (-5)/((-20)/12). Calculate the greatest common factor of 36 and a.
4
Let d(z) = -18*z. Let p(s) = -s**3 - 6*s**2 - 5*s. Let y be p(-5). Let v = -1 + y. Let u be d(v). What is the greatest common factor of 27 and u?
9
Let i be (-5)/(-1) - (0 - -2). Suppose i = -m + 4*m. Let p = 11 - 8. Calculate the greatest common factor of p and m.
1
Suppose -20 = -l + 4*a, -3*l + 4*a = -0*a - 68. Calculate the greatest common factor of l and 8.
8
Let o = 13 - -1. Suppose -22 = -4*t - 2*b, 5*b - 8 = -3*t + 19. Suppose -161 - 287 = -t*m. Calculate the highest common divisor of m and o.
14
Suppose 0 = -3*j - 5*h + 1 - 2, -3*h = -4*j + 18. Let q = j + 0. What is the highest common factor of 12 and q?
3
Suppose 5*n - 60 = 4*s, -4*n - 4*s = -19 + 7. Let q(u) = -u**2 + 8*u + 3. Let k be q(n). What is the greatest common divisor of k and 2?
1
Let d(a) = a**3 - 14*a**2 - 10*a - 12. Let r be d(15). Let v = -22 - -64. What is the greatest common divisor of r and v?
21
Let t = 20 - 4. Calculate the highest common divisor of 8 and t.
8
Let m(t) = t + 15. Let b be m(-5). Calculate the highest common factor of b and 20.
10
Suppose -50 = 2*s - 7*s. What is the highest common divisor of 20 and s?
10
Let i(l) = -l**3 + 7*l**2 + 10*l - 1. Let b be i(8). What is the highest common factor of 5 and b?
5
Let o = 131 - 26. Calculate the highest common divisor of o and 35.
35
Suppose -4*a + 23 = -2*a - 3*t, t + 3 = 0. Let n(y) = y**3 - 5*y**2 - 9*y - 7. Let f be n(a). What is the greatest common factor of 42 and f?
14
Suppose 42 = 3*m - 48. What is the highest common divisor of 6 and m?
6
Let j be (-7)/(-2)*(-36)/(-21). What is the greatest common divisor of 24 and j?
6
Let x be (-4)/(-6) + (-2)/(-6). Let y = x + 4. Suppose -95 = 3*v - y*v - 5*z, -3*v + z + 100 = 0. What is the greatest common factor of v and 14?
7
Suppose 4*j - 43 = 277. What is the highest common divisor of 10 and j?
10
Let c(u) = -7*u - 1. Let z be c(2). Let q = z - -29. Let g = 28 - q. Calculate the greatest common factor of 2 and g.
2
Let c = -11 - -11. Suppose -m - 4*m + 55 = c. What is the highest common divisor of m and 88?
11
Let j(f) = 10*f**2 - 3*f - 2. Let h be j(-1). What is the greatest common divisor of 99 and h?
11
Suppose 0 = -2*o + 2 + 2. Suppose 0 = o*s + 3*s - 165. Suppose -6*v + 22 = -4*v. What is the greatest common divisor of v and s?
11
Let x(i) = i + 1. Let k(z) = z - 8. Let g(w) = -k(w) - 6*x(w). Let r be g(-4). What is the highest common divisor of r and 6?
6
Let d(c) = -4*c**2 + 5*c - 4. Let i be d(4). Let k be 3/(39/i + 1). Suppose k - 66 = -v. What is the highest common divisor of 10 and v?
10
Suppose -v = 0, -18 = 4*c + v - 58. Let b = -210 - -300. What is the greatest common divisor of c and b?
10
Suppose -44 = -2*p - 4*s, 2*p - 5*p + 4*s = -86. Calculate the greatest common factor of 65 and p.
13
Let g be 28*(0 + (-2)/(-2)). Suppose -z = 3*z - g. Let s(p) = 3*p - 2. Let a be s(3). Calculate the greatest common factor of z and a.
7
Let z = -53 - -109. Let l(y) = -y**3 - 4*y**2 + 2*y + 5. Let f be l(-4). Let o be 1/3 + (-23)/f. What is the highest common divisor of o and z?
8
Suppose 9 + 31 = v - 2*x, -x = -2*v + 80. Let w be (-4)/(-14) - (-19)/7. Let y = 7 + w. What is the greatest common factor of y and v?
10
Suppose 6*y - 210 = 4*y. Suppose q + 4*q = y. Calculate the highest common factor of q and 189.
21
Let r(c) = -c**2 + 5*c + 4. Let g be r(4). Let o be (-4)/g*(-2 + -10). Calculate the greatest common divisor of o and 6.
6
Let t be 189 + (-2)/3*-3. Suppose 0 = 2*i + i - 6. Suppose 4*j = -3*x + t, i*x - x = -j + 47. Calculate the highest common factor of 10 and j.
10
Let k = 1 + 6. Let n = k + -1. Calculate the highest common divisor of n and 3.
3
Let y(a) = -a**2 + 6*a. Let i be y(5). Suppose -6*o = -i*o - 4. Calculate the greatest common divisor of o and 20.
4
Let w be (1 + 3 + -2)*2. Let k be 546/27 - w/18. Calculate the greatest common divisor of k and 5.
5
Suppose 3*w + 2*y - 75 = 0, -5*w + 4*w + y + 30 = 0. Calculate the greatest common divisor of w and 243.
27
Let r(x) = -15*x - 1. Let d be r(-1). Let j be 2528/36 - (-4)/(-18). Suppose 6*k - k = j. What is the highest common factor of k and d?
14
Suppose -2*t = -2*d - 6, -2*t + 3 = -4*d - 1. Suppose -770 = -t*z - 2522. Let b be z/(-5) + 2/5. What is the highest common factor of 11 and b?
11
Let d be 54/12*(-4)/(-6). Suppose -5*q - d = -18. Let x = 24 + -12. What is the greatest common factor of x and q?
3
Suppose -9 = 3*r + 5*g + 1, 0 = -5*r - 4*g - 8. Suppose -3*u + 0 - 15 = r, u = -3*s - 29. Let a = 10 + s. Calculate the greatest common divisor of 1 and a.
1
Let f be ((-24)/(-28))/((2 + -3)/(-42)). Calculate the highest common divisor of f and 72.
36
Let i(n) = -2*n**2 + 0*n**2 + n + 2 + 3*n - 5*n + 7*n**3. Let x be i(2). Suppose -5*q = -22 - x. What is the greatest common divisor of 35 and q?
7
Suppose 3 = -h, 3*b = -4*h - 0 + 48. Calculate the highest common factor of b and 8.
4
Suppose -4*m + 22 = -s + 90, 4*m - 124 = -2*s. Calculate the greatest common factor of 32 and s.
32
Suppose 0 = -13*a + 9*a + 16. Calculate the greatest common divisor of 12 and a.
4
Let p(o) = -2*o**3 - 6*o**2 - 2*o - 6. Let j be p(-4). Suppose 4*u - j = 38. Calculate the highest common factor of u and 12.
6
Let j(b) = -b**3 + 6*b**2 + 8*b + 3. Let m be j(7). What is the highest common divisor of 50 and m?
10
Suppose 0 = -4*l + 243 + 233. Suppose -3*z + 184 - 19 = 0. Let o = l - z. What is the highest common factor of 8 and o?
8
Suppose 4*z - 4*u = 308, -z + 117 - 44 = -5*u. Suppose -18*m + 20*m + 84 = 0. Let r = m + z. Calculate the highest common factor of r and 24.
12
Let z = -238 + 382. Calculate the highest common divisor of 16 and z.
16
Let r(x) = 3*x**2 - 7*x + 8. Let h be r(4). Calculate the highest common divisor of h and 42.
14
Let t(c) = 6*c**2 - 3*c - 1. Let k be t(-2). Let b = -8 + k. Calculate the highest common factor of b and 231.
21
Let n(r) = -r**2 + 10*r - 5. Let k be (6 - -4) + 1 + -3. Let v be n(k). What is the greatest common divisor of v and 1?
1
Let h(n) = 2*n + 2. Let p be h(6). Suppose 14 = -3*f + 176. Let d = 96 - f. What is the highest common divisor of d and p?
14
Suppose -6*j + 22 = -5*j. What is the highest common divisor of 2 and j?
2
Suppose -n = -a - 6, 4*a = 3*n + 5 - 19. Let k = 2 + n. Let j = k + -6. Calculate the greatest common divisor of j and 54.
6
Suppose -9 = -5*s + 21. Let g be (2 - (5 - 2))*-8. Let j = g + 16